 1586?
8
What is the tens digit of 8356?
5
What is the tens digit of 9076?
7
What is the units digit of 969?
9
What is the tens digit of 1687?
8
What is the hundreds digit of 202?
2
What is the thousands digit of 55414?
5
What is the hundreds digit of 4122?
1
What is the hundreds digit of 759?
7
What is the tens digit of 1144?
4
What is the tens digit of 4815?
1
What is the tens digit of 331?
3
What is the hundreds digit of 691?
6
What is the units digit of 3095?
5
What is the hundreds digit of 1046?
0
What is the tens digit of 141?
4
What is the units digit of 2056?
6
What is the thousands digit of 4194?
4
What is the tens digit of 4842?
4
What is the hundreds digit of 410?
4
What is the hundreds digit of 8517?
5
What is the hundreds digit of 96190?
1
What is the thousands digit of 91018?
1
What is the tens digit of 417?
1
What is the units digit of 18051?
1
What is the units digit of 26213?
3
What is the tens digit of 16205?
0
What is the units digit of 2897?
7
What is the thousands digit of 1025?
1
What is the units digit of 97?
7
What is the hundreds digit of 11431?
4
What is the tens digit of 105352?
5
What is the units digit of 32250?
0
What is the tens digit of 33879?
7
What is the ten thousands digit of 32406?
3
What is the thousands digit of 4847?
4
What is the units digit of 14285?
5
What is the units digit of 256?
6
What is the hundreds digit of 6773?
7
What is the thousands digit of 36090?
6
What is the thousands digit of 63794?
3
What is the units digit of 3865?
5
What is the tens digit of 4609?
0
What is the tens digit of 22586?
8
What is the tens digit of 750?
5
What is the ten thousands digit of 28672?
2
What is the units digit of 13289?
9
What is the ten thousands digit of 21781?
2
What is the hundreds digit of 25554?
5
What is the thousands digit of 11639?
1
What is the hundreds digit of 1406?
4
What is the thousands digit of 1315?
1
What is the thousands digit of 82047?
2
What is the units digit of 941?
1
What is the units digit of 17946?
6
What is the tens digit of 1183?
8
What is the hundreds digit of 2056?
0
What is the tens digit of 32?
3
What is the hundreds digit of 1438?
4
What is the thousands digit of 3692?
3
What is the thousands digit of 12228?
2
What is the units digit of 376?
6
What is the units digit of 460?
0
What is the hundreds digit of 16540?
5
What is the thousands digit of 1578?
1
What is the ten thousands digit of 11920?
1
What is the thousands digit of 146964?
6
What is the hundreds digit of 15757?
7
What is the units digit of 8429?
9
What is the hundreds digit of 1895?
8
What is the tens digit of 1009?
0
What is the hundreds digit of 1170?
1
What is the units digit of 45051?
1
What is the ten thousands digit of 77181?
7
What is the units digit of 33221?
1
What is the tens digit of 39438?
3
What is the units digit of 2053?
3
What is the hundreds digit of 53848?
8
What is the hundreds digit of 82493?
4
What is the hundreds digit of 30108?
1
What is the hundreds digit of 815?
8
What is the tens digit of 4730?
3
What is the units digit of 9426?
6
What is the units digit of 774?
4
What is the units digit of 22093?
3
What is the units digit of 7434?
4
What is the units digit of 734?
4
What is the hundreds digit of 2107?
1
What is the ten thousands digit of 89038?
8
What is the thousands digit of 6841?
6
What is the thousands digit of 1716?
1
What is the hundreds digit of 2684?
6
What is the units digit of 28204?
4
What is the thousands digit of 11811?
1
What is the hundreds digit of 971?
9
What is the units digit of 1235?
5
What is the thousands digit of 8160?
8
What is the thousands digit of 25378?
5
What is the hundreds digit of 3462?
4
What is the hundreds digit of 3828?
8
What is the units digit of 1656?
6
What is the tens digit of 55?
5
What is the tens digit of 22304?
0
What is the units digit of 2660?
0
What is the hundreds digit of 15356?
3
What is the units digit of 571?
1
What is the thousands digit of 2450?
2
What is the hundreds digit of 431?
4
What is the hundreds digit of 1533?
5
What is the units digit of 28003?
3
What is the hundreds digit of 589?
5
What is the units digit of 1946?
6
What is the hundreds digit of 3327?
3
What is the ten thousands digit of 75283?
7
What is the tens digit of 2100?
0
What is the tens digit of 504?
0
What is the units digit of 268?
8
What is the thousands digit of 4206?
4
What is the thousands digit of 5739?
5
What is the thousands digit of 14002?
4
What is the units digit of 6326?
6
What is the units digit of 4429?
9
What is the tens digit of 64780?
8
What is the hundreds digit of 2007?
0
What is the thousands digit of 11253?
1
What is the tens digit of 14883?
8
What is the units digit of 2604?
4
What is the tens digit of 1866?
6
What is the units digit of 5813?
3
What is the tens digit of 5881?
8
What is the thousands digit of 3736?
3
What is the units digit of 4732?
2
What is the units digit of 747?
7
What is the units digit of 2584?
4
What is the tens digit of 920?
2
What is the units digit of 22003?
3
What is the units digit of 22345?
5
What is the tens digit of 8127?
2
What is the tens digit of 5773?
7
What is the units digit of 48413?
3
What is the thousands digit of 2204?
2
What is the units digit of 942?
2
What is the hundreds digit of 1566?
5
What is the hundreds digit of 14592?
5
What is the hundreds digit of 2940?
9
What is the tens digit of 882?
8
What is the units digit of 6305?
5
What is the tens digit of 163609?
0
What is the tens digit of 1285?
8
What is the thousands digit of 1788?
1
What is the tens digit of 122142?
4
What is the thousands digit of 9953?
9
What is the thousands digit of 2501?
2
What is the thousands digit of 2768?
2
What is the units digit of 79126?
6
What is the hundreds digit of 1339?
3
What is the hundreds digit of 1483?
4
What is the thousands digit of 3590?
3
What is the tens digit of 44559?
5
What is the hundreds digit of 49516?
5
What is the ten thousands digit of 13629?
1
What is the tens digit of 108732?
3
What is the thousands digit of 2835?
2
What is the hundreds digit of 1221?
2
What is the units digit of 66675?
5
What is the ten thousands digit of 28696?
2
What is the tens digit of 1301?
0
What is the thousands digit of 8289?
8
What is the units digit of 8245?
5
What is the units digit of 259?
9
What is the thousands digit of 2003?
2
What is the units digit of 7592?
2
What is the hundreds digit of 10372?
3
What is the units digit of 2672?
2
What is the thousands digit of 65953?
5
What is the thousands digit of 1470?
1
What is the units digit of 41088?
8
What is the hundreds digit of 365?
3
What is the thousands digit of 20171?
0
What is the hundreds digit of 794?
7
What is the thousands digit of 19039?
9
What is the hundreds digit of 67588?
5
What is the units digit of 870?
0
What is the ten thousands digit of 10100?
1
What is the hundreds digit of 1075?
0
What is the units digit of 4608?
8
What is the hundreds digit of 2841?
8
What is the thousands digit of 31888?
1
What is the thousands digit of 52738?
2
What is the hundreds digit of 53703?
7
What is the hundreds digit of 114024?
0
What is the tens digit of 16601?
0
What is the units digit of 58805?
5
What is the hundreds digit of 3830?
8
What is the units digit of 1952?
2
What is the thousands digit of 53112?
3
What is the units digit of 697?
7
What is the hundreds digit of 300?
3
What is the tens digit of 5017?
1
What is the units digit of 19495?
5
What is the hundreds digit of 4215?
2
What is the units digit of 1250?
0
What is the units digit of 3860?
0
What is the hundreds digit of 29630?
6
What is the tens digit of 21493?
9
What is the units digit of 6209?
9
What is the units digit of 17369?
9
What is the units digit of 1936?
6
What is the thousands digit of 45314?
5
What is the hundreds digit of 618?
6
What is the hundreds digit of 1542?
5
What is the thousands digit of 2259?
2
What is the ten thousands digit of 39941?
3
What is the units digit of 36166?
6
What is the units digit of 64764?
4
What is the hundreds digit of 1104?
1
What is the thousands digit of 37591?
7
What is the hundreds digit of 8580?
5
What is the hundreds digit of 1901?
9
What is the hundreds digit of 6502?
5
What is the hundreds digit of 2701?
7
What is the tens digit of 5979?
7
W